= -v, 4*x = -y - 99. Let s = x - -20. Give m(s).
6
Let d(n) = -n - 17*n**2 - 2*n**3 + 4*n**2 + 15*n**2. Let c = -337 + 338. Give d(c).
-1
Let k(s) = 14*s + 1. Let g(p) = p**2 - 9*p - 7. Let z be g(10). Let h be ((6/5)/z)/(17/340). Suppose 0 = -3*n - 11 + h. Give k(n).
-13
Suppose 0 = -r + 2*r - 1. Let y(z) be the third derivative of 1/12*z**4 - 1/60*z**5 - 270*z**2 + 0*z + 0 - 11/120*z**6 - 1/6*z**3. Calculate y(r).
-11
Let t(b) = -4*b + 6. Let f be t(1). Suppose -p + f*n + 10 = 0, -2*p = p + 5*n - 74. Suppose -23*s - 5 = -p*s. Let z(i) = -i**3 + i. Determine z(s).
0
Let v(k) = 52*k - 45. Let q(w) = 15*w - 15. Let a(o) = -7*q(o) + 2*v(o). Give a(11).
4
Let o(m) = -3*m + 6. Let q(x) = 2*x**2 - 15*x + 24. Let d be q(9). Let b = 55 - d. Give o(b).
-6
Let m be -3*((-78)/9 + 3). Suppose 16 + m = 5*o + 2*h, -10 = 2*o - 5*h. Let c be 0/(8 - 3) - o/(-1). Let y(l) = l**3 - 6*l**2 + 5*l - 1. Determine y(c).
-1
Suppose -7 = 4*r - 5*r. Let u(f) = 13*f - 83. Let p(a) = -6*a + 37. Let i(x) = -7*p(x) - 3*u(x). Give i(r).
11
Suppose -201*u = h - 197*u - 15, -2*h = -5*u + 35. Let a(m) = -7*m**2 + 2*m - 4. What is a(h)?
-189
Suppose -2*o = -m + 11, -22*m + 32 = -2*o - 18*m. Let v(x) = -10*x**2 - 19*x + 4. Determine v(o).
2
Let u(n) be the third derivative of 3*n**4/4 + 97*n**3/2 + 10734*n**2. Calculate u(-15).
21
Let q(w) = -32*w - 30*w - 2*w**2 + 2 + 94*w - 34*w. Let p be q(-3). Let s(l) = -l**3 - 10*l**2 + l. Determine s(p).
-10
Let w(j) = 4*j - 3. Let g(d) = 23*d - 2. Let h(n) = g(n) - 9*w(n). Calculate h(3).
-14
Let q = 42 - 39. Let m(f) = 7*f + f + 27 - 3*f - q*f. Let d be m(-12). Let x(v) = 3*v - 1. What is x(d)?
8
Let x = -8439 - -8433. Let r(v) = -v**3 - 4*v**2 - 3*v + 11. What is r(x)?
101
Let l(a) = -72 + 187*a**2 + 20 - 16*a - 188*a**2. Let o be l(-11). Let c(m) = m - 7. What is c(o)?
-4
Let m(r) = -3*r + 16. Let f be (-1)/((-1)/(-2)) + (-14 - 103). Let o = 124 + f. Determine m(o).
1
Let l(i) = -i**2 + 20*i - 33. Let n(m) = -3*m**2 + 13*m + 14. Let p be n(4). Calculate l(p).
3
Let t(r) = -12057*r**2 + 9067*r**3 - 3*r - 9069*r**3 + 44 + 12083*r**2. What is t(13)?
5
Let u(n) = n**2 - 7*n - 8. Let k be -3 - (-9 + 6 - 3). Suppose 0 = -2*o + 5*o + 5*x - 18, -o = -k*x - 6. Determine u(o).
-14
Let s be (24/(-15) - -4*(-873)/180) + 0. Let d(h) = -h**2 - 21*h - 50. Calculate d(s).
-50
Let w be ((-3)/(-1))/(-3)*1. Let v(l) = 2*l**2 - 6*l + 3. Let a(x) = 11*x**2 - 23*x + 12. Let b(m) = a(m) - 4*v(m). Determine b(w).
2
Let b(c) = -3*c + 28. Let k(a) = 3*a**2 - 40*a - 121. Let w be k(16). What is b(w)?
7
Let t be -5 - 2/(-2 + 1) - -6. Suppose t*k + 9 = 10*s - 11*s, 3*s = k - 27. Let x(b) = -b**2 - 9*b + 7. Determine x(s).
7
Let r(p) = -p**3 + 5*p**2 + 5*p - 3. Let q = 212 + -177. Let s be 1 + 5*28/q. What is r(s)?
22
Suppose 5*c = -0 + 5. Let k be 31/3 - c/3. Let x(m) = -k - 9*m + 12 + 11*m - m**2. Calculate x(4).
-6
Let l(w) be the first derivative of -w**4/2 - 6*w**3 + w**2/2 + 14*w - 903. Calculate l(-9).
5
Let w(q) = -101307 + 12*q + 101304 + 11*q - 3*q**2. What is w(8)?
-11
Let v(n) = 6*n - 83. Let p be v(16). Let g(k) = -10 - 4*k**2 + 3*k + 0*k**3 - p - k**3 + 14. Give g(-5).
1
Let m(x) be the second derivative of x**4/12 + 7*x**3/6 + 15*x**2/2 - x. Let r be 1885/130*480/(-1160). What is m(r)?
9
Let y = -21 - -22. Let i(n) = 2 - n + 39*n**3 - y - n**2 - 37*n**3. Determine i(2).
11
Suppose -5*w + 259 = 224. Suppose 3*z - 7 = l, 5*l = -w + 32. Let m(i) = i**3 - i**2 - 5*i - 2. What is m(z)?
26
Let w(m) = m**3 + 5*m**2 + 2*m - 5. Let v(p) = p**3 - 8*p**2 - 9*p + 16. Let u be v(9). Let b = u + -20. What is w(b)?
3
Let v(r) = r**3 + 5*r**2 - 31*r - 136. Let i be v(-4). Let j(o) be the first derivative of 2*o + 0*o**2 + 1/4*o**i - 33 + 2/3*o**3. What is j(-3)?
-7
Let j(a) be the third derivative of a**6/120 - a**4/8 + a**3/2 + 14*a**2. Let o be (40/25)/(2/5). Suppose 0*h - 2*h = -4*f + 16, o*h = f - 18. Calculate j(f).
5
Let q(x) be the third derivative of -x**4/3 + 7*x**3/6 + 12694*x**2. Suppose 32 - 8 = 4*g. Give q(g).
-41
Suppose 3*a - 2*y - 41 = -2*a, 3*y - 42 = -4*a. Let o(f) = -14*f**2 + 19*f - 57. Let t(h) = 5*h**2 - 6*h + 20. Let w(r) = -4*o(r) - 11*t(r). Determine w(a).
-1
Let s(k) = 10*k**3 - 31*k**2 + 79*k - 25. Let d(h) = -3*h**3 + h**2 - h - 2. Let p(z) = 3*d(z) + s(z). Calculate p(25).
-6
Let a(x) = -3*x**2 + 6*x - 12. Let h(l) = -l**2 - l. Let j(d) = -11*d**2 + 5*d - 25. Let k(g) = 6*h(g) - j(g). Let r(f) = -7*a(f) - 4*k(f). Determine r(-5).
-1
Let i(q) = -q**2 - 16*q. Suppose -108*z = -104*z + 292. Let g = z + 57. Determine i(g).
0
Let q(b) = -3*b - 27. Let d = -415 - -423. Suppose -d*f = -49 + 137. Determine q(f).
6
Let v(s) = -s - 5. Suppose 8*g - 86 - 690 = 0. Suppose 0 = -6*y + g - 139. What is v(y)?
2
Let g(t) = -5*t**2 - 8*t - 16. Suppose -2*u + 20 - 12 = 0. Let h(o) = o**2 - o + 1. Let r(d) = u*h(d) + g(d). What is r(-10)?
8
Let n(u) = 22*u - 372. Let k(m) = 3*m - 58. Let p(t) = 6*k(t) - n(t). Give p(15).
-36
Suppose -a = -4*a - 33. Let l(m) be the second derivative of m**4/12 + 5*m**3/3 - m**2 + 65*m - 227. Calculate l(a).
9
Let j = 196 - 220. Let v be 1 + (-2)/1 - (j + 29). Let a(u) = -7 + 2 + 6*u**2 - 1 + 3*u + u**3. What is a(v)?
-24
Let b = 87 + -88. Let r(j) = 4*j**3 - j**2 + 1. Let d(h) = -h**3 + h**2 + h. Let l = 34 + -35. Let y(z) = l*r(z) - 2*d(z). Give y(b).
2
Let k(t) = -8*t**3 + t**2 + 8. Let f(l) = -7*l**3 + 2*l**2 - l + 11. Let v(g) = -2*f(g) + 3*k(g). Give v(-1).
9
Let r(h) be the third derivative of -h**6/120 + h**5/20 - 7*h**4/24 + 47*h**3/6 - 13078*h**2. Determine r(4).
3
Let y(a) = 3*a**2 - a - 12. Suppose 0 = k + 22*k + 115. What is y(k)?
68
Let l(m) be the second derivative of -m**5/20 + 7*m**4/12 - m**3/3 + 5*m**2/2 - 6*m. Let h(r) = -178*r**2 + 3*r. Let n be h(1). Let f = 182 + n. Determine l(f).
-9
Let l be 16/4 + -5 - 3. Let i(b) = b**2 + 4*b - 5. Let w be i(l). Let j(u) = -u**3 + 0*u**3 + 2 - 113*u**2 + 107*u**2 + 1. Calculate j(w).
-22
Let c(x) = -46*x**3 + 13*x**3 - 15*x**3 - 2201*x - x**2 - 4 + 2205*x. Determine c(1).
-49
Suppose -2469*p + 2581*p + 4256 = 0. Let i(v) = v**3 + 37*v**2 - 36*v + 85. Determine i(p).
9
Let h = -18775 - -18783. Let u(y) = -3*y**3 + 25*y**2 - 10*y + 17. What is u(h)?
1
Let m(w) = w**2 + 3 - 1 - 3 + 3*w. Let z(k) = 94*k + 56. Let s be z(-3). Let y = -231 - s. Calculate m(y).
9
Suppose 0 = j - 3 + 1. Suppose v + 0 = -j. Let i(k) be the first derivative of 3*k**2/2 + k - 494. Calculate i(v).
-5
Let s(n) = -5*n + 5. Let f(p) = 2*p + 4*p**2 - 4*p**2 + 0*p + 31 - p**2. Let u(t) = -t**2 - 8*t - 5. Let v be u(-2). Let x be f(v). Determine s(x).
25
Let i(y) = -2*y + 5*y**3 + 2 + 2 - 6*y**3 + 6*y**2. Let p = 86 + -83. Let h be 8/2 + -8*p/(-12). Give i(h).
-8
Let u(h) = h - 18. Let f be u(18). Suppose -5*r = -d - 3*d - 290, r + d - 58 = f. Let s(t) = 1 - 5*t**3 - 57*t**2 + r*t**2 - 1. What is s(1)?
-4
Let v(l) = 19*l + 1. Let i(o) = 3*o - 14. Let y(r) = -10*r + 37. Let z(m) = 8*i(m) + 3*y(m). Let q(b) = v(b) + 4*z(b). Calculate q(-5).
22
Suppose -35*o - 26 = 359. Let b(t) = -t**3 - 7*t**2 + 50*t + 67. What is b(o)?
1
Let v(o) = -2*o + 25. Let u(c) = -c - 26. Let t(l) = -u(l) - 3*v(l). Give t(11).
28
Let q(l) = -7*l + 62 + 60 + 62 + 72 - 238. Give q(4).
-10
Let i(t) = -t**3 + 9*t**2 + 9. Let u be (882/22 - 32) + (-1)/11. Calculate i(u).
73
Suppose -23*u + 65 = -10*u. Let f(o) be the second derivative of o**3/3 - 11*o**2 + 4*o - 1. What is f(u)?
-12
Let i(w) be the second derivative of -5*w**3/6 - 27*w**2/2 + 1643*w. Calculate i(-4).
-7
Let s(k) = 3*k + 3. Let w be 105/(-20) + (-175)/(-140). Give s(w).
-9
Let d(t) be the first derivative of t**4/4 + 11*t**3/3 + t**2/2 + t + 15. Suppose -3*b + 3*o - 48 = 0, 1 + 24 = 5*o. Determine d(b).
-10
Let l = 12597 + -12603. Let y(o) = -o**2 - 5*o + 11. Give y(l).
5
Let f(r) = r - 28. Let o(t) = t**2 - 26*t + 21. Let u = 85 - 60. Let w be o(u). Let y be 1*0*(-1)/w. Determine f(y).
-28
Let z(g) = 9*g - 26. Let h be z(3). Let c(m) = 2*m - 5*m + 2*m + 5*m + h. Calculate c(-1).
-3
Let g(m) = -3*m**2 + 3*m + 5. Let o(t) = 4*t**2 - 4*t - 5. Let a(w) = 5*g(w) + 4*o(w). Let q be a(3). Let b(x) = -21*x + 9*x - q + 6*x + 7*x. Calculate b(0).
-11
Let o be 9 - (-11 - -18 - -12). Let f(u) = 2*u**2 + 20*u - 1. Give f(o).
-1
Let i(b) = -1. Let m(o) = -o. Let k(w) = i(w